es 9 divide 336408483?
False
Is 104 a factor of 1095392453?
False
Is 11 a factor of 3022743558?
False
Is 728 a factor of 9188122?
False
Is 16 a factor of 1948090224?
True
Does 14 divide 303428118?
True
Is 445 a factor of 2742506967?
False
Does 17 divide 350253692?
False
Is 27311163 a multiple of 51?
True
Is 36 a factor of 38422244?
False
Is 64937387 a multiple of 277?
True
Is 49 a factor of 7803446?
True
Does 8907 divide 960655578?
True
Is 744 a factor of 630592271?
False
Is 8389841 a multiple of 557?
False
Does 38 divide 33359901?
False
Is 258 a factor of 43012567?
False
Is 33 a factor of 362828809?
False
Is 4 a factor of 87256722?
False
Does 49 divide 407060787?
True
Is 20246472 a multiple of 186?
True
Does 856 divide 159342462?
False
Does 9 divide 69643323?
True
Is 410043438 a multiple of 126?
True
Is 147731262 a multiple of 21?
True
Does 166 divide 246110252?
False
Is 398010546 a multiple of 35?
False
Is 284 a factor of 290002056?
True
Is 1193473527 a multiple of 180?
False
Is 130012257 a multiple of 51?
False
Is 4 a factor of 788955?
False
Is 240695685 a multiple of 9?
True
Is 44 a factor of 24366637?
False
Is 1283 a factor of 342280023?
True
Is 28 a factor of 313157940?
False
Does 310 divide 346416230?
False
Is 12259096 a multiple of 44?
False
Does 1836 divide 2811040848?
True
Is 1954 a factor of 780271280?
True
Is 3243744 a multiple of 28?
True
Is 9 a factor of 1153794258?
True
Is 18 a factor of 429044471?
False
Is 698425735 a multiple of 86?
False
Does 16 divide 1182638960?
True
Does 1770 divide 726872625?
False
Does 285 divide 214811195?
False
Is 84342591 a multiple of 1167?
True
Is 243 a factor of 115799442?
False
Is 4002 a factor of 1098566323?
False
Is 17 a factor of 547399933?
False
Is 468040053 a multiple of 89?
True
Does 2433 divide 154833687?
True
Is 1558063890 a multiple of 30?
True
Is 5 a factor of 722913420?
True
Does 17 divide 7762608?
True
Does 104 divide 29155583?
False
Is 29318264 a multiple of 27?
False
Is 917 a factor of 18717229?
False
Is 184617824 a multiple of 289?
True
Is 126762160 a multiple of 7?
True
Does 23 divide 60079811?
False
Is 484 a factor of 1562822448?
True
Is 91006695 a multiple of 15?
True
Is 574252560 a multiple of 205?
True
Is 166367420 a multiple of 91?
False
Is 1906657533 a multiple of 13?
False
Is 64631370 a multiple of 6?
True
Does 577 divide 29532591?
True
Is 51374785 a multiple of 954?
False
Is 430 a factor of 23380572?
False
Does 43 divide 215111499?
True
Does 5 divide 18083030?
True
Is 24 a factor of 67441464?
True
Is 738 a factor of 165960440?
False
Is 116 a factor of 6431058?
False
Is 660 a factor of 1118322480?
True
Is 133 a factor of 31237459?
False
Is 220 a factor of 17183760?
True
Does 17 divide 429674133?
True
Is 11 a factor of 3399134?
False
Does 29 divide 119737752?
True
Is 181 a factor of 484480709?
True
Does 53 divide 3991642?
True
Does 3502 divide 1034049588?
False
Is 10 a factor of 227339514?
False
Is 45184970 a multiple of 90?
False
Is 15993629 a multiple of 396?
False
Does 420 divide 141322995?
False
Is 2 a factor of 5093401?
False
Does 710 divide 1276451490?
True
Is 1540638335 a multiple of 1181?
False
Is 723340926 a multiple of 231?
True
Is 1741433050 a multiple of 3815?
True
Is 43617248 a multiple of 23?
False
Does 22 divide 8607940?
True
Is 7830179 a multiple of 421?
True
Is 4 a factor of 41838184?
True
Is 2516444 a multiple of 14?
True
Does 1947 divide 50680410?
True
Does 2900 divide 19424200?
True
Is 12227996 a multiple of 46?
True
Is 592 a factor of 92340160?
True
Is 1677701902 a multiple of 6531?
False
Does 84 divide 580320508?
False
Does 6 divide 7385082?
True
Is 1921 a factor of 4895647369?
True
Is 7 a factor of 1590302?
True
Is 48 a factor of 1073710224?
True
Does 9139 divide 3854852127?
False
Is 4713 a factor of 512199414?
True
Is 1525398036 a multiple of 997?
True
Is 677511 a multiple of 3?
True
Does 475 divide 23213984?
False
Does 24 divide 1054104881?
False
Is 169 a factor of 1643254343?
False
Is 137100043 a multiple of 24?
False
Is 6986 a factor of 1178153970?
True
Does 1681 divide 481038396?
False
Is 18 a factor of 50337676?
False
Does 21 divide 1934198595?
True
Is 36190798 a multiple of 8?
False
Is 817622763 a multiple of 19?
True
Is 282881913 a multiple of 2663?
False
Is 2318726707 a multiple of 391?
False
Is 176406041 a multiple of 242?
False
Is 8351508 a multiple of 75?
False
Is 13136630 a multiple of 749?
False
Does 4684 divide 4814707020?
True
Does 102 divide 193975542?
True
Is 38355868 a multiple of 1703?
False
Is 507678710 a multiple of 14?
True
Does 1313 divide 7601057?
False
Does 571 divide 20847888?
False
Is 1047540298 a multiple of 341?
False
Does 2149 divide 413108717?
True
Is 1144768409 a multiple of 2167?
False
Is 412 a factor of 4446304?
True
Does 2316 divide 134684664?
True
Is 3912 a factor of 702227472?
True
Is 1337962678 a multiple of 26?
True
Is 65647224 a multiple of 1373?
False
Is 1433156 even?
True
Does 922 divide 480066377?
False
Is 722 a factor of 74809480?
False
Is 205 a factor of 1778170?
True
Is 87832503 a multiple of 130?
False
Does 86 divide 12691312?
False
Does 169 divide 121275933?
False
Is 726 a factor of 7593234?
True
Does 27 divide 198072172?
False
Is 65676022 a multiple of 59?
False
Does 6 divide 50051618?
False
Is 234058 a multiple of 3?
False
Does 1229 divide 24013080?
False
Does 189 divide 6842616?
False
Is 27876684 a multiple of 44?
True
Is 5205117 a multiple of 97?
True
Does 451 divide 27712146?
True
Is 11394535 a multiple of 9?
False
Is 853 a factor of 53419902?
False
Is 308907278 a multiple of 1049?
False
Does 248 divide 140376500?
False
Is 682346 a multiple of 122?
True
Is 1418 a factor of 299599399?
False
Is 277959874 a multiple of 658?
False
Does 13 divide 108512443?
True
Is 47 a factor of 4614311?
False
Is 2904 a factor of 208304491?
False
Does 2196 divide 385461561?
False
Does 257 divide 177580061?
True
Is 268 a factor of 47755320?
False
Does 11725 divide 2423126238?
False
Does 665 divide 78115685?
False
Is 310233 a multiple of 231?
True
Does 2395 divide 14458425?
False
Does 5 divide 15286557?
False
Is 525994964 a multiple of 44?
True
Does 1969 divide 264903353?
True
Is 26 a factor of 2096377972?
True
Does 102 divide 46337006?
False
Is 228 a factor of 9764328?
True
Is 100 a factor of 965666100?
True
Is 213436642 a multiple of 33?
False
Is 15 a factor of 37051639?
False
Does 77 divide 7647394?
False
Is 662988576 a multiple of 3727?
True
Is 221888869 a multiple of 11?
False
Does 11 divide 96838288?
False
Is 129 a factor of 399429763?
False
Does 56 divide 107292336?
False
Is 4365837882 a multiple of 9?
True
Does 83 divide 21836636?
True
Does 19 divide 48554956?
True
Is 250350961 a multiple of 287?
True
Does 63 divide 618949107?
True
Is 87484199 a multiple of 2983?
False
Does 315 divide 83798613?
False
Is 62 a factor of 5818562980?
True
Is 21 a factor of 1163301579?
False
Does 70 divide 208620230?
True
Does 6 divide 199520847?
False
Is 13 a factor of 2049169304?
True
Is 112309175 a multiple of 55?
True
Is 61 a factor of 48220235?
False
Is 7214 a factor of 3539801590?
True
Does 137 divide 117288714?
True
Is 74 a factor of 27304454?
False
Is 2660657503 a multiple of 23?
True
Is 142 a factor of 400854252?
False
Is 174 a factor of 104754147?
False
Does 145 divide 7832781?
False
Does 2778 divide 871794738?
True
Does 3 divide 7657792?
False
Is 484 a factor of 49779400?
True
Is 94617280 a multiple of 40?
True
Is 82 a factor of 235872315?
False
Is 332 a factor of 1123583885?
False
Is 5 a factor of 1356468020?
True
Does 10 divide 178207990?
True
Is 284403479 a multiple of 9?
False
Is 165 a factor of 17403514?
False
Is 1765 a factor of 898300280?
True
Is 58214487 a multiple of 181?
True
Is 32735737 a multiple of 336?
False
Is 116807130 a multiple of 5?
True
Does 9 divide 9073845?
True
Does 87 divide 18531609?
True
Does 9 divide 7046856?
True
Does 29 divide 1195496?
True
Is 33 a factor of 275935532?
False
Is 105 a factor of 4523455?
False
Is 16 a factor of 53528600?
False
Does 4 divide 722015737?
False
Is 2069 a factor of 964718837?
True
Is 2872 a factor of 234273966?
False
Is 7321271 a multiple of 10?
False
Is 79 a factor of 1098387636?
False
Is 84267562 a multiple of 694?
True
Does 6381 divide 862022052?
True
Is 6 a fact